f k.
3, 5, 17
Let o = -559 + 4672. List the prime factors of o.
3, 457
Let l(t) = -t**3 - 11*t**2 - 32*t - 13. Let d be l(-7). Suppose 395 - 3035 = -d*c. What are the prime factors of c?
2, 11
Let c be 8109 + (32/12)/((-14)/21). Suppose -7*d + c + 2094 = 0. List the prime factors of d.
31, 47
Suppose x - 5*o + 7 + 16 = 0, -o = 3*x - 11. Suppose 2*b = -4*q + 18, x*q + 3*b - 4 = 7. Suppose -q*c - 132 = -544. What are the prime factors of c?
103
Suppose 0 = -137*b + 537598 + 313583. List the prime factors of b.
3, 19, 109
Let o be 24/8 - (-2 - -9). Let w be 1 + (4 - 8) - o. Let b(x) = 30*x. What are the prime factors of b(w)?
2, 3, 5
Let v(i) = -5*i - 52. Let k be v(-10). List the prime factors of 2/(k/(-2)) + (39 - -974).
5, 7, 29
Suppose -2*a + 212 = -4*j, -j = -0*a - 4*a + 53. Let u = -151 - j. Let k = 146 + u. What are the prime factors of k?
2, 3
Let g = -261 - -254. List the prime factors of 1 - g/((-14)/(-320)).
7, 23
Suppose 0 = 2*p + 82 - 2. Suppose 0 = -2*t + 5*t - 240. Let q = t + p. List the prime factors of q.
2, 5
Let b(y) = 32*y**2 + 116*y - 75. What are the prime factors of b(-16)?
3, 2087
Suppose 60*m - 326381 - 239059 = 20*m. List the prime factors of m.
2, 3, 19, 31
Suppose -5*d - 4*j = -2*j + 41, d + 4*j + 19 = 0. List the prime factors of (-8 - -181)/(d/(-49)).
7, 173
Suppose -3*w + 3*z - 4034 + 404 = 0, w - 4*z = -1210. Let m = -725 - w. What are the prime factors of m?
5, 97
Let f(z) = 13*z**2 - 381*z - 786. What are the prime factors of f(-57)?
2, 3, 7, 47
Let n(m) be the first derivative of 1/3*m**3 - 24*m + 20 + m**2. What are the prime factors of n(10)?
2, 3
Suppose -3*z = 0, 4*m - m + 5*z = -867. Let p = m + 302. What are the prime factors of p?
13
Let l be (-6)/(-4)*(19 - 1). List the prime factors of 18/l + 964/3.
2, 7, 23
Let c be 4 - (-51)/(-15) - (-20676)/(-10). Let x = -1178 - c. List the prime factors of x.
7, 127
Suppose 5*r + 11*r = 32. Suppose 2819 = 5*v - r*q, 15*q = 3*v + 20*q - 1679. List the prime factors of v.
563
Let t = -39 - -16. Let d(u) = -18*u + 1. Let h be d(-4). Let j = t + h. List the prime factors of j.
2, 5
Suppose 10 - 50 = 10*s. What are the prime factors of (-194 - 0)*(s + 2)?
2, 97
Suppose 0*c - 5 = 5*c. Let x be c - (-81 + 0) - (-7 - -6). Suppose x = 3*l + 21. What are the prime factors of l?
2, 5
Let j be (6/5)/(15/1000). Suppose 3*o - h - 2 = 0, -2*h + 26 - 31 = -5*o. Let i = o + j. What are the prime factors of i?
79
Let k(s) = -s**3 + 19*s**2 - 2*s + 19. Let d be k(11). Suppose 0 = -15*l + 16*l - d. List the prime factors of l.
5, 193
Let x be 5*(-12)/(-10) - -13. What are the prime factors of x*15 - (23 + -28)?
2, 5, 29
Suppose 3*y = 32*y - 233015. List the prime factors of y.
5, 1607
Let v(m) = -13*m + 5789. List the prime factors of v(42).
7, 107
Let y(j) = 8*j**2 + 94*j - 498. List the prime factors of y(-92).
2, 3, 43, 227
Suppose -24 - 182 = 2*l. Let n = l - -104. What are the prime factors of (1 - n) + (-6 - (6 - 56))?
2, 11
Suppose -22*n - 329181 - 200645 = -33*n. What are the prime factors of n?
2, 24083
Let v = 86808 + -35014. What are the prime factors of v?
2, 19, 29, 47
Suppose 112885 = -15*j + 309190. What are the prime factors of j?
23, 569
Let u be (18/(-27))/((-2)/3) - 15. What are the prime factors of (-6486)/u + -4 + 4/(-14)?
3, 17
List the prime factors of (95/(-35) - 14/49)/(12/(-99508)).
24877
Suppose -3371 = -5*h + 1984 + 620. What are the prime factors of h?
5, 239
Let k(y) be the third derivative of 2*y**6/45 - y**4/24 + 4*y**3/3 + 13*y**2. Let b(w) be the first derivative of k(w). List the prime factors of b(-2).
3, 7
Let p = 1881 - 1849. List the prime factors of p.
2
List the prime factors of -8 + 1 - (299 + -22328).
2, 7, 11, 13
Let s(f) = 3*f - 3*f**3 + f - 3*f + 16 + 8*f**2 + f. Let h(v) = -2*v**3 + 8*v**2 + 3*v + 15. Let j(l) = 4*h(l) - 3*s(l). What are the prime factors of j(-7)?
19
Suppose -79*v + 219*v - 288960 = 0. List the prime factors of v.
2, 3, 43
Let l(z) = -z**3 + 7*z**2 - 6*z - 17. Let t be l(5). Suppose 189 + 2898 = t*a. What are the prime factors of a?
3, 7
Let x(y) = -3*y**2 + 2*y + 87. Let f be x(0). Suppose 24*c = 20*c - 2*u + 360, 0 = -c - 2*u + f. List the prime factors of c.
7, 13
Let j = 208 + -259. List the prime factors of (-52)/(-6)*6*j/(-6).
2, 13, 17
Let h = 3374 - -10157. List the prime factors of h.
7, 1933
Suppose 0 = -y - 7*y - 488. Let s = 64 + y. Suppose 0*a - 45 = -s*a. List the prime factors of a.
3, 5
Suppose -4*f = 2*s - 164438, 2*f - 2*s = 17627 + 64607. List the prime factors of f.
2, 3, 571
Let m(n) = 4797*n + 16842. What are the prime factors of m(6)?
2, 3, 1901
Suppose -20*q = -77763 - 36324 - 4293. List the prime factors of q.
3, 1973
Let y(k) = 6*k**2 - 18*k + 15. Let o be y(9). Let h = 6 - 2. Suppose 0 = -h*d + 113 + o. List the prime factors of d.
113
List the prime factors of (-1999536)/(-288) - (-4)/24.
53, 131
Let p = -5557 - -11767. List the prime factors of p.
2, 3, 5, 23
Let a(t) = -t**3 - 15*t**2 + 20*t + 28. Let n be a(-16). Let x = n - -44. Suppose -1173 + 117 = -x*u. What are the prime factors of u?
2, 3, 11
Suppose 2*t - 3*t = -3, -o = 3*t - 6. Let i be 436/(-12) + (-1)/o. Let p = i - -91. List the prime factors of p.
5, 11
Suppose 2*u - 3 = 3*a, -2*a + 0*a + 2*u = 0. Let k be (-2 + 1 + 0)/(a + 4). Let f(t) = -61*t**3 + t**2 - t - 1. What are the prime factors of f(k)?
2, 31
Let g(n) = -12 - 23 + 22*n + 0 + 15*n. What are the prime factors of g(10)?
5, 67
Let f = 44 + -7. Suppose -f*u = -14*u - 4094. List the prime factors of u.
2, 89
Suppose -4*y - 26 = -2. Let m(u) = -7*u**2 - 8*u + 7. Let z(n) = 8*n**2 + 10*n - 6. Let f(o) = -6*m(o) - 5*z(o). What are the prime factors of f(y)?
2, 3
Let t(l) be the second derivative of 5*l**4/12 - l**3/6 + l**2/2 - 89*l. List the prime factors of t(7).
239
Suppose 4 = 28*m - 108. Suppose -k = -3*y + 4712 - 1141, 5*y - 5946 = -m*k. What are the prime factors of y?
2, 5, 7, 17
Let m(l) be the first derivative of -l**6/360 - 19*l**5/120 - l**4/3 + 5*l**3/3 - 9. Let k(g) be the third derivative of m(g). List the prime factors of k(-13).
2, 5, 7
Suppose 0 = 3*j + 3*v + 30, 2*j + 2 = -5*v - 15. Let y(o) = -o**3 - 10*o**2 + 9*o - 10. List the prime factors of y(j).
2, 3
Let k(w) = -2*w**3 - 2*w + 5. Let z be k(0). Suppose -z*f + 8*f = -y + 243, y = 4*f + 250. What are the prime factors of y?
2, 3, 41
Let a be 1/(-5 + 4)*-2. Suppose -2*r + 166 = -a*v, 0 = -4*r + 5*v - 2*v + 333. Suppose -303 = -3*w + r. List the prime factors of w.
3, 43
Let z(q) = -q**3 - 9*q**2 + 64*q + 27. Let m be z(-14). Suppose 5*x + 178 = -4*h, -2*x = 2*x - 8. Let p = m + h. What are the prime factors of p?
2
Let y = 20816 + -12621. What are the prime factors of y?
5, 11, 149
Let n(t) = -t**3 - t**2 + 4*t. Let s be n(2). List the prime factors of (-3 - 15/(-10)) + (-2278)/s.
2, 71
Let z = -5139 - -3383. Let r = z + 2957. List the prime factors of r.
1201
Suppose -2251*d + 2250*d + 75312 = 2*w, -w + 37683 = 5*d. List the prime factors of w.
3, 7, 11, 163
Let q = -417 - -430. Suppose -1961 + 4990 = q*s. What are the prime factors of s?
233
Let k(b) = 321*b + 15999. List the prime factors of k(100).
3, 16033
What are the prime factors of ((-580)/8 - 7)/((-5)/530)?
3, 53
Let v(l) = -7*l - 7. Suppose 5*i = -0*i + 40. Suppose -2*j - 14 = i. List the prime factors of v(j).
2, 5, 7
Suppose 9 - 2 = -4*x + 5*u, -2*u = -5*x + 4. Suppose 4*l - x*q = 1218, -6*q = -3*l - q + 910. What are the prime factors of l?
5, 61
Suppose -8*q + 10747 = -3341. List the prime factors of q.
3, 587
Let b = 92 + -17. Suppose -17 = -z + 5. Suppose -d = -z - b. What are the prime factors of d?
97
Let x be (3/2)/(4/(-8)). Let m be ((-24)/(-16))/(x/28). Let z(c) = c**2 + 2*c - 13. List the prime factors of z(m).
5, 31
What are the prime factors of (68 - 68) + (-2208)/(-2)?
2, 3, 23
Let f = -264 - -260. Let z(u) = -5*u**3 - 4*u**2 - 2. List the prime factors of z(f).
2, 127
Let d(n) = -34*n + 97. Let c be d(26). Let x = -553 - c. List the prime factors of x.
2, 3, 13
Suppose 27*d + 34540 = 25*d. Let a = -30678 - d. What are the prime factors of (-2)/(-5) + a/(-80)?
2, 3, 7
Let m(n) be the second derivative of -31*n**5/120 - n**4/6 - n**3/2 + 7*n. Let a(b) be the second derivative of m(b). List the prime factors of a(-4).
2, 3,